20 a factor of 10791?
False
Does 6 divide 3405?
False
Is 2192 a multiple of 4?
True
Is 40 a multiple of 2?
True
Is 7 a factor of 1921?
False
Does 21 divide 3108?
True
Is 34 a factor of 590?
False
Does 36 divide 324?
True
Is 93 a factor of 25534?
False
Does 11 divide 715?
True
Does 23 divide 621?
True
Does 17 divide 126?
False
Does 101 divide 101?
True
Is 25 a factor of 8769?
False
Is 29395 a multiple of 5?
True
Does 173 divide 5017?
True
Is 219 even?
False
Is 14 a factor of 1428?
True
Is 3 a factor of 90?
True
Does 8 divide 10416?
True
Does 20 divide 1062?
False
Is 82781 a multiple of 17?
False
Does 8 divide 8904?
True
Is 8 a factor of 22056?
True
Does 15 divide 2488?
False
Does 173 divide 692?
True
Is 1149 a multiple of 22?
False
Is 10 a factor of 10269?
False
Is 24200 a multiple of 25?
True
Is 37 a factor of 4345?
False
Does 15 divide 822?
False
Is 780 a multiple of 60?
True
Is 2945 a multiple of 13?
False
Is 41 a factor of 3567?
True
Is 80 a factor of 5840?
True
Does 20 divide 40997?
False
Is 125 a multiple of 5?
True
Does 4 divide 2400?
True
Is 17 a factor of 1275?
True
Is 510 a multiple of 10?
True
Is 11 a factor of 22418?
True
Is 684 a multiple of 18?
True
Does 3 divide 4832?
False
Is 194 a multiple of 3?
False
Is 1470 a multiple of 15?
True
Does 11 divide 66?
True
Does 24 divide 15984?
True
Is 2346 a multiple of 28?
False
Does 25 divide 825?
True
Is 8 a factor of 1711?
False
Is 407 a multiple of 25?
False
Is 15 a factor of 3531?
False
Is 44 a factor of 10780?
True
Does 19 divide 588?
False
Does 2 divide 59?
False
Is 6 a factor of 8358?
True
Is 6720 a multiple of 105?
True
Is 9490 a multiple of 4?
False
Is 7935 a multiple of 5?
True
Does 8 divide 885?
False
Is 55895 a multiple of 122?
False
Is 8800 a multiple of 112?
False
Does 31 divide 1167?
False
Is 25 a factor of 3575?
True
Does 66 divide 3234?
True
Is 37 a factor of 29045?
True
Does 14 divide 728?
True
Is 855 a multiple of 45?
True
Is 17 a factor of 1989?
True
Does 9 divide 179?
False
Does 11 divide 4994?
True
Is 791 a multiple of 24?
False
Is 2877 a multiple of 3?
True
Is 18 a factor of 918?
True
Does 12 divide 648?
True
Is 134 a factor of 670?
True
Does 155 divide 29973?
False
Is 288 a multiple of 9?
True
Is 177 a multiple of 26?
False
Is 41 a factor of 82?
True
Is 12 a factor of 1132?
False
Does 61 divide 12749?
True
Does 11 divide 13643?
False
Does 24 divide 432?
True
Is 1097 a multiple of 13?
False
Is 220 a multiple of 3?
False
Does 45 divide 3366?
False
Does 9 divide 3600?
True
Does 15 divide 975?
True
Is 17 a factor of 27710?
True
Is 12797 a multiple of 31?
False
Is 8 a factor of 640?
True
Is 61 a factor of 51728?
True
Does 2 divide 3?
False
Is 66 a factor of 3551?
False
Does 6 divide 976?
False
Is 1260 a multiple of 12?
True
Is 21 a factor of 441?
True
Does 16 divide 336?
True
Is 38675 a multiple of 41?
False
Is 491 a multiple of 8?
False
Is 132003 a multiple of 16?
False
Is 13 a factor of 3939?
True
Does 133 divide 5798?
False
Is 15 a factor of 8115?
True
Does 6 divide 124?
False
Is 8424 a multiple of 117?
True
Is 1053 a multiple of 3?
True
Does 33 divide 4851?
True
Is 14418 a multiple of 54?
True
Is 16 a factor of 240?
True
Is 46 a factor of 322?
True
Is 5658 a multiple of 138?
True
Is 4500 a multiple of 125?
True
Is 132 a factor of 67848?
True
Does 14 divide 1470?
True
Is 1595 a multiple of 55?
True
Is 36064 a multiple of 27?
False
Is 45 a factor of 3139?
False
Does 7 divide 210?
True
Does 3 divide 132?
True
Is 13 a factor of 3824?
False
Does 28 divide 25858?
False
Is 6 a factor of 4039?
False
Is 13 a factor of 4760?
False
Is 5108 a multiple of 24?
False
Does 12 divide 792?
True
Does 34 divide 2278?
True
Is 33 a factor of 5790?
False
Is 6322 a multiple of 19?
False
Is 24175 a multiple of 14?
False
Does 18 divide 144?
True
Is 9 a factor of 846?
True
Does 32 divide 800?
True
Is 10 a factor of 3673?
False
Is 30763 a multiple of 55?
False
Does 73 divide 4756?
False
Is 95966 a multiple of 115?
False
Is 27938 a multiple of 50?
False
Is 3003 a multiple of 33?
True
Does 6 divide 263?
False
Is 43 a factor of 21054?
False
Is 34 a factor of 15470?
True
Is 2 a factor of 9?
False
Does 7 divide 867?
False
Is 18 a factor of 99?
False
Is 48 a multiple of 4?
True
Is 11495 a multiple of 3?
False
Is 70 a factor of 2240?
True
Is 11 a factor of 725?
False
Does 43 divide 21428?
False
Is 284 a factor of 54528?
True
Is 297 a factor of 25839?
True
Does 47 divide 3666?
True
Is 4541 a multiple of 19?
True
Is 26 a factor of 1144?
True
Is 697 a multiple of 29?
False
Is 3 a factor of 15952?
False
Does 41 divide 95?
False
Does 24 divide 1632?
True
Is 457 a multiple of 23?
False
Does 75 divide 74029?
False
Does 106 divide 1554?
False
Is 13 a factor of 15708?
False
Does 9 divide 895?
False
Does 11 divide 81?
False
Is 32 a factor of 817?
False
Is 37 a factor of 2072?
True
Is 3 a factor of 5205?
True
Is 11 a factor of 693?
True
Is 3432 a multiple of 33?
True
Is 34 a factor of 948?
False
Does 55 divide 6154?
False
Is 1326 a multiple of 17?
True
Does 4 divide 7640?
True
Does 9 divide 1260?
True
Is 30 a factor of 790?
False
Is 5280 a multiple of 33?
True
Is 100 a factor of 26492?
False
Is 225 a multiple of 9?
True
Is 108 a factor of 1170?
False
Is 396 a multiple of 22?
True
Is 5 a factor of 1045?
True
Does 14 divide 979?
False
Is 16 a factor of 1066?
False
Is 3872 a multiple of 8?
True
Is 137 a factor of 6950?
False
Does 40 divide 130?
False
Is 130 even?
True
Does 19 divide 9082?
True
Is 7 a factor of 14018?
False
Is 52164 a multiple of 9?
True
Is 38 a factor of 4864?
True
Does 10 divide 135?
False
Does 8 divide 736?
True
Does 156 divide 11013?
False
Is 711 a multiple of 46?
False
Is 17 a factor of 25327?
False
Is 22 a factor of 413?
False
Is 2841 a multiple of 5?
False
Does 16 divide 6273?
False
Is 18449 a multiple of 38?
False
Is 243 a multiple of 25?
False
Is 13 a factor of 1198?
False
Does 7 divide 15946?
True
Is 36 a factor of 303?
False
Does 5 divide 482?
False
Is 4 a factor of 592?
True
Is 20 a factor of 400?
True
Is 29 a factor of 2519?
False
Is 67 a multiple of 19?
False
Is 6 a factor of 5952?
True
Does 9 divide 7664?
False
Is 7198 a multiple of 98?
False
Is 5520 a multiple of 24?
True
Does 53 divide 513?
False
Is 4 a factor of 782?
False
Is 29 a factor of 4098?
False
Is 5481 a multiple of 87?
True
Is 1080 a multiple of 12?
True
Does 5 divide 11805?
True
Is 26304 a multiple of 274?
True
Is 10089 a multiple of 171?
True
Does 8 divide 352?
True
Does 63 divide 63?
True
Is 780 a multiple of 15?
True
Is 12772 a multiple of 124?
True
Does 38 divide 11590?
True
Is 89 a factor of 5475?
False
Is 207 a multiple of 23?
True
Does 14 divide 504?
True
Does 6 divide 25224?
True
Is 5 a factor of 14339?
False
Is 51 a factor of 3596?
False
Is 125 a factor of 43000?
True
Is 10 a factor of 77?
False
Is 5 a factor of 1401?
False
Does 14 divide 286?
False
Does 5 divide 1933?
False
Does 43 divide 1032?
True
Does 19 divide 5216?
False
Is 22 a factor of 550?
True
Is 6 a factor of 8502?
True
Is 17 a factor of 9384?
True
Is 109 a factor of 7052?
False
Is 10 a factor of 3183?
False
Is 51 a multiple of 2?
False
Does 6 divide 2858?
False
Does 8 divide 1904?
True
Is 810 a multiple of 27?
True
Does 32 divide 1184?
True
Is 108 a multiple of 6?
True
Does 4 divide 204?
True
Does 14 divide 88453?
False
Does 42 divide 714?
True
Is 2486 a multiple of 8?
False
Is 178 a factor of 33286?
True
Is 80573 a multiple of 118?
False
Does 5 divide 310?
True
Does 14 divide 196?
True
Does 113 divide 47489?
False
Does 20 divide 27420?
True
Does 11 divide 22395?
False
Is 1321 a multiple of 2?
False
Is 1938 a multiple of 114?
True
Is 219 a multiple of 11?
False
Is 11552 a multiple of 152?
True
Is 23 a factor of 46?
True
Is 1182 a multiple of 6?
True
Is 1945 a multiple of 19?
False
Is 41 a factor of 4100?
True
Does 18 divide 1962?
True
Is 16 a factor of 2187?
False
Is 19 a factor of 2683?
False
Does 37 divide 1230?
False
Is 167 a factor of 1043?
False
Does 15 divide 5572?
False
Is 15974 a multiple of 163?
True
Does 55 divide 27175?
False
Does 97 divide 33300?
False
Is 1602 a multiple of 6?
True
Does 7 divide 19236?
True
Does 6 divide 968?
False
Is 18 a factor of 1012?
False
Does 64 divide 1344?
True
Is 158 a factor of 51350?
True
Is 5 a factor of 14